ivided by 45562?
334
Calculate the remainder when 1252440 is divided by 7036.
32
What is the remainder when 3573475 is divided by 16?
3
What is the remainder when 86728331 is divided by 6453?
11
Calculate the remainder when 1014470 is divided by 253605.
50
What is the remainder when 8625814 is divided by 3384?
3382
What is the remainder when 51859 is divided by 2259?
2161
Calculate the remainder when 685720 is divided by 57132.
136
Calculate the remainder when 29410 is divided by 3267.
7
What is the remainder when 379558 is divided by 379509?
49
Calculate the remainder when 2235120 is divided by 654.
402
What is the remainder when 44268189 is divided by 25?
14
What is the remainder when 1320008 is divided by 23571?
32
Calculate the remainder when 1041300 is divided by 208260.
0
Calculate the remainder when 9564 is divided by 4764.
36
Calculate the remainder when 26359 is divided by 12739.
881
Calculate the remainder when 602333 is divided by 2841.
41
Calculate the remainder when 3466672 is divided by 5391.
259
What is the remainder when 15504 is divided by 3?
0
Calculate the remainder when 1090489 is divided by 2199.
1984
Calculate the remainder when 95935089 is divided by 83.
37
Calculate the remainder when 52995 is divided by 67.
65
What is the remainder when 7599360 is divided by 3799675?
10
Calculate the remainder when 782704 is divided by 20458.
5300
What is the remainder when 9097660 is divided by 324916?
12
Calculate the remainder when 16127856 is divided by 398.
100
What is the remainder when 25884695 is divided by 18?
11
Calculate the remainder when 116445 is divided by 29103.
33
What is the remainder when 69544 is divided by 21326?
5566
What is the remainder when 2098385 is divided by 174851?
173
Calculate the remainder when 35072417 is divided by 2063082.
23
Calculate the remainder when 3006963 is divided by 47.
44
What is the remainder when 570217 is divided by 16?
9
What is the remainder when 8668291 is divided by 93?
40
Calculate the remainder when 2801524 is divided by 7.
5
What is the remainder when 36336 is divided by 6671?
2981
What is the remainder when 4407061 is divided by 165?
76
What is the remainder when 1778483 is divided by 3961?
3955
What is the remainder when 12467 is divided by 11090?
1377
What is the remainder when 1808624 is divided by 3865?
3669
What is the remainder when 1279898 is divided by 159986?
10
What is the remainder when 2509146 is divided by 179197?
388
Calculate the remainder when 1175760 is divided by 193.
4
Calculate the remainder when 7984239 is divided by 3784.
3783
Calculate the remainder when 93702 is divided by 1313.
479
Calculate the remainder when 32536071 is divided by 1914.
1899
What is the remainder when 12870 is divided by 11339?
1531
Calculate the remainder when 129839 is divided by 2319.
2294
What is the remainder when 973075 is divided by 973015?
60
What is the remainder when 228175 is divided by 51?
1
Calculate the remainder when 46209 is divided by 53.
46
What is the remainder when 6244619 is divided by 10748?
31
Calculate the remainder when 902367 is divided by 32227.
11
What is the remainder when 993997 is divided by 100?
97
What is the remainder when 7218981 is divided by 18?
9
Calculate the remainder when 13041249 is divided by 36.
33
What is the remainder when 134774 is divided by 3408?
1862
What is the remainder when 62324 is divided by 1501?
783
What is the remainder when 7426515 is divided by 121746?
9
What is the remainder when 136511962 is divided by 718484?
2
Calculate the remainder when 298365 is divided by 13558.
89
Calculate the remainder when 47125 is divided by 1078.
771
What is the remainder when 9639945 is divided by 3213308?
21
Calculate the remainder when 7749544 is divided by 22593.
145
What is the remainder when 4922270 is divided by 168?
38
Calculate the remainder when 52952 is divided by 13141.
388
What is the remainder when 8230640 is divided by 23996?
12
Calculate the remainder when 19418236 is divided by 19418214.
22
Calculate the remainder when 19707 is divided by 534.
483
Calculate the remainder when 590526522 is divided by 215.
212
What is the remainder when 3444311 is divided by 1946?
1837
What is the remainder when 187966 is divided by 912?
94
Calculate the remainder when 1041743 is divided by 1041714.
29
What is the remainder when 10852810 is divided by 83483?
20
Calculate the remainder when 23713 is divided by 1807.
222
What is the remainder when 1667240 is divided by 217?
29
Calculate the remainder when 47852 is divided by 87.
2
What is the remainder when 5554469 is divided by 3?
2
What is the remainder when 3120791 is divided by 25?
16
What is the remainder when 11805483 is divided by 5902730?
23
What is the remainder when 489465884 is divided by 472?
468
Calculate the remainder when 94869 is divided by 668.
13
What is the remainder when 2447320 is divided by 153?
85
What is the remainder when 2646622 is divided by 8?
6
Calculate the remainder when 1380372 is divided by 232.
204
Calculate the remainder when 119988 is divided by 39659.
1011
Calculate the remainder when 242563807 is divided by 10.
7
Calculate the remainder when 858893 is divided by 429444.
5
What is the remainder when 1191 is divided by 244?
215
What is the remainder when 285020 is divided by 3156?
980
What is the remainder when 716737 is divided by 5514?
5431
What is the remainder when 2066867 is divided by 86111?
203
Calculate the remainder when 997510 is divided by 71234.
234
Calculate the remainder when 81868 is divided by 2848.
2124
Calculate the remainder when 1622692 is divided by 33.
16
Calculate the remainder when 266532 is divided by 66529.
416
What is the remainder when 1177756 is divided by 392565?
61
What is the remainder when 197583 is divided by 197574?
9
What is the remainder when 41586268 is divided by 48925?
18
Calculate the remainder when 345774 is divided by 974.
4
What is the remainder when 2168993 is divided by 733?
46
What is the remainder when 86693 is divided by 1036?
705
What is the remainder when 1263195 is divided by 1009?
936
Calculate the remainder when 750058 is divided by 2469.
1951
Calculate the remainder when 635257868 is divided by 1105.
1103
What is the remainder when 621955 is divided by 2935?
2670
Calculate the remainder when 63484 is divided by 6556.
4480
Calculate the remainder when 40680 is divided by 626.
616
What is the remainder when 2549370 is divided by 205?
195
Calculate the remainder when 114554959 is divided by 37.
36
What is the remainder when 27141535 is divided by 33591?
7
What is the remainder when 1354216 is divided by 42?
10
What is the remainder when 1919852 is divided by 27?
17
What is the remainder when 669060 is divided by 4?
0
Calculate the remainder when 32900785 is divided by 87.
82
Calculate the remainder when 340834 is divided by 2351.
2290
Calculate the remainder when 918447 is divided by 3655.
1042
What is the remainder when 113965 is divided by 8761?
72
What is the remainder when 705038 is divided by 4271?
323
What is the remainder when 4210402 is divided by 2658?
130
Calculate the remainder when 15399794 is divided by 236.
86
Calculate the remainder when 235006 is divided by 635.
56
Calculate the remainder when 514401 is divided by 78.
69
What is the remainder when 6185792 is divided by 773222?
16
What is the remainder when 2204475 is divided by 106?
99
Calculate the remainder when 65796 is divided by 6544.
356
What is the remainder when 50863818 is divided by 12715951?
14
What is the remainder when 128969861 is divided by 296?
293
What is the remainder when 5553695 is divided by 249?
248
What is the remainder when 11172612 is divided by 2234517?
27
What is the remainder when 1234816 is divided by 1276?
924
What is the remainder when 2506 is divided by 292?
170
What is the remainder when 111813373 is divided by 118?
113
Calculate the remainder when 417921 is divided by 69652.
9
Calculate the remainder when 22003174 is divided by 269.
50
What is the remainder when 2024695 is divided by 2419?
2411
What is the remainder when 9352 is divided by 150?
52
What is the remainder when 5251071 is divided by 1188?
111
Calculate the remainder when 8911966 is divided by 25.
16
Calculate the remainder when 15280786 is divided